3).
-38
Let g(u) = -u**3 + 538*u**2 - 949*u - 65933. Determine g(536).
-5
Let s(i) = i**3 + 51*i**2 + 64*i - 56. Give s(-50).
-756
Let m(r) = -2*r**2 + 7187*r - 1727274. What is m(259)?
-3
Let h(w) = 2*w**2 - 112*w - 29643. Calculate h(153).
39
Let h(n) = 1085*n**2 - 1144*n + 2296. Give h(2).
4348
Let c(b) = -b**2 - 136*b - 5028. Give c(-61).
-453
Let q(j) = -7*j**2 - 9383*j + 18779. Calculate q(2).
-15
Let d(v) = 40*v**2 + 1489*v - 15. What is d(-37)?
-348
Let c(k) = 3519*k + 18532. Calculate c(-6).
-2582
Let v(o) = -153546*o - 1228376. Determine v(-8).
-8
Let u(t) = -t**3 - 8*t**2 + 47686*t + 381513. Give u(-8).
25
Let i(c) = 1210*c + 2555. Calculate i(-2).
135
Let f(z) = 17*z**2 - 11729*z - 23465. Determine f(-2).
61
Let s(a) = -1836998*a - 14695985. Calculate s(-8).
-1
Let b(h) = 4*h**2 + 903*h + 883. Calculate b(-1).
-16
Let m(c) = 9*c**2 - 73*c + 159. What is m(6)?
45
Let v(q) = -2*q**3 + 206*q**2 - 5276*q - 864. What is v(54)?
0
Let n(a) = a**2 + 3917*a - 23536. What is n(6)?
2
Let z(f) = 2*f**2 - 944*f - 56790. Give z(526).
18
Let u(w) = w**3 + 42*w**2 - 790*w + 8028. Determine u(-58).
24
Let v(i) = 369*i - 2325. Determine v(7).
258
Let x(s) = -8*s**2 + 40*s - 77. Calculate x(2).
-29
Let m(d) = 443*d**2 + 1593*d + 18. Give m(-4).
734
Let m(f) = 797*f + 1899. Determine m(-4).
-1289
Let w(t) = -2444*t - 153966. Give w(-63).
6
Let b(i) = 313*i**2 - 7647*i + 3243. Give b(24).
3
Let c(j) = 415557*j - 1246670. Determine c(3).
1
Let b(i) = -453*i - 2978. Calculate b(-10).
1552
Let b(d) = 2*d**2 + 1114*d - 4450. Determine b(4).
38
Let c(j) = -126555*j - 1012448. Calculate c(-8).
-8
Let f(d) = 178*d + 1725. Give f(-17).
-1301
Let c(h) = -137832*h + 10199595. Calculate c(74).
27
Let w(r) = 4103*r + 1263746. Give w(-308).
22
Let i(z) = 278*z + 4556. Calculate i(-18).
-448
Let w(j) = -j**3 - 89*j**2 + 643*j + 83559. Determine w(-85).
4
Let o(s) = 1058*s + 21038. Calculate o(-20).
-122
Let s(w) = 7*w**2 - 801*w - 9445. What is s(125)?
-195
Let b(h) = -4027*h**3 - 20139*h**2 - 36*h - 79. Give b(-5).
1
Let l(d) = -506*d + 6344. Determine l(11).
778
Let z(v) = -9342*v - 1989832. Determine z(-213).
14
Let d(c) = -c**3 - 255*c**2 + 500*c - 3423. Determine d(-257).
175
Let d(y) = -29386*y + 146961. Determine d(5).
31
Let m(b) = 284*b - 124374. Give m(438).
18
Let c(f) = 9*f**2 + 3194*f + 57442. Determine c(-19).
5
Let v(k) = 1400*k + 600. Give v(-2).
-2200
Let f(w) = -2*w**2 + w - 531. What is f(11)?
-762
Let f(s) = 135040*s + 135032. What is f(-1)?
-8
Let h(q) = q**3 + 64*q**2 + 701*q + 43504. What is h(-64)?
-1360
Let l(k) = -11*k**2 + 3361*k - 53967. Give l(17).
-9
Let l(n) = -2*n**3 + 69*n**2 + 931*n - 4188. Determine l(44).
-8
Let s(m) = -3490*m + 52035. Calculate s(15).
-315
Let c(b) = b**3 + 73*b**2 - 78*b - 686. Calculate c(-74).
-390
Let j(i) = 171*i**3 - 348*i**2 + 13*i - 14. Calculate j(2).
-12
Let c(f) = -1882*f - 359441. Give c(-191).
21
Let x(s) = -9*s**3 + 91*s**2 - 73*s + 597. Determine x(10).
-33
Let h(w) = 3473*w + 3674423. Calculate h(-1058).
-11
Let g(m) = -2*m**2 + 3468*m - 138804. Calculate g(41).
22
Let w(d) = 823811*d - 3295247. Determine w(4).
-3
Let f(g) = -g**2 + 16*g - 705. What is f(-49)?
-3890
Let k(p) = 3*p**3 - 48*p**2 + 306*p - 5736. What is k(18)?
1716
Let p(j) = 3*j**2 - 1322*j + 26744. Give p(21).
305
Let w(h) = 1484*h + 277402. What is w(-187)?
-106
Let u(n) = 2*n**2 + 142*n - 11174. Determine u(-119).
250
Let g(f) = f**2 - 89*f - 695. What is g(59)?
-2465
Let i(p) = 220*p + 2827. What is i(5)?
3927
Let t(o) = -1441*o**3 - 2*o**2 - 753*o + 753. Give t(1).
-1443
Let p(n) = -n**2 + 4084*n + 32. Determine p(0).
32
Let r(v) = -7841*v + 1505446. Determine r(192).
-26
Let d(g) = -1437*g - 73395. What is d(-51)?
-108
Let n(c) = c**3 + 37*c**2 - 269*c + 6727. What is n(-46)?
57
Let w(h) = -1784*h + 4807. Give w(3).
-545
Let a(v) = -v**3 - 192*v**2 + 12683*v - 1249. Calculate a(-244).
-29
Let j(b) = -41*b**3 - 17627*b**2 + 1289*b - 288. Give j(-430).
142
Let w(t) = -602*t - 44470. Determine w(-74).
78
Let j(t) = -3*t**3 - 35*t**2 + 116*t - 516. Give j(-15).
-6
Let l(r) = 262412*r - 787241. Give l(3).
-5
Let h(k) = 338834*k + 11520348. What is h(-34)?
-8
Let f(x) = 23*x**2 - 187*x + 169. Determine f(4).
-211
Let t(d) = -25*d**2 + 46*d + 837. Calculate t(-5).
-18
Let t(q) = 2*q**3 - 382*q**2 - 788*q + 3381. Determine t(193).
293
Let s(y) = y**3 - 13*y**2 - 37*y + 639. What is s(12)?
51
Let q(p) = 4*p**3 - 1299*p**2 - 331*p + 1948. Give q(325).
-2
Let c(l) = -7145*l - 150021. What is c(-21)?
24
Let z(f) = -13651*f - 475. What is z(0)?
-475
Let n(i) = -9009*i - 5684688. Calculate n(-631).
-9
Let z(s) = -3*s**2 + 223*s + 7041. Calculate z(98).
83
Let g(z) = 652*z - 15575. Give g(29).
3333
Let m(f) = -36*f**2 - 17095*f + 17095. Give m(1).
-36
Let q(m) = -1829*m + 60797. What is q(34)?
-1389
Let v(a) = -7*a**3 - 4457*a**2 + 1283*a + 5731. What is v(-637)?
-2
Let i(c) = -138183*c - 1796386. Determine i(-13).
-7
Let s(l) = -2*l**2 - 156427*l + 3129274. Calculate s(20).
-66
Let i(q) = -68*q**3 + q**2 + 12007*q + 12006. What is i(-1)?
68
Let v(u) = 6*u**2 - 1256*u - 27428. Give v(-20).
92
Let p(j) = 324*j**2 + 8446*j + 570. Give p(-26).
-2
Let y(a) = -3660*a**2 - 91500*a - 6. What is y(-25)?
-6
Let l(o) = -1395*o + 21430. Give l(15).
505
Let r(d) = 12*d**2 - 218*d - 432. Determine r(20).
8
Let p(l) = -435*l - 1716. Calculate p(-4).
24
Let f(n) = -n**3 + 7*n**2 + 5549*n - 22243. Calculate f(4).
1
Let n(r) = r**3 - 284*r**2 + 1329*r + 17536. Give n(279).
-878
Let z(l) = -51*l**2 - 49401*l + 17445. Give z(-969).
3
Let q(r) = 64599*r - 1808790. What is q(28)?
-18
Let u(o) = o**2 + 1657*o - 11537. What is u(7)?
111
Let p(c) = -304*c**2 + 1315*c + 139. Determine p(5).
-886
Let z(i) = 5046*i + 2512938. What is z(-498)?
30
Let d(o) = -1241*o - 27291. Calculate d(-22).
11
Let o(d) = -17*d**3 - 13*d**2 + 11*d + 17. Determine o(2).
-149
Let w(q) = -1403*q - 10630. Determine w(-8).
594
Let a(d) = -d**3 + 440*d**2 - 3086*d + 240. Calculate a(7).
-145
Let p(a) = 27*a + 3037. Determine p(-115).
-68
Let s(j) = 1170*j - 372065. What is s(318)?
-5
Let f(q) = -1729*q + 98915. Calculate f(57).
362
Let o(q) = q**3 + 35*q**2 - 132*q - 1677. What is o(-37)?
469
Let h(g) = -1723*g - 52473. Calculate h(-28).
-4229
Let s(r) = 6*r**2 - 2563*r - 5122. What is s(-2)?
28
Let y(o) = -27*o**2 + 359*o + 735. Calculate y(-2).
-91
Let t(d) = -4251*d - 8492. Determine t(-2).
10
Let k(c) = -c**2 + 20060*c + 120403. Give k(-6).
7
Let y(p) = 26*p**2 + 6*p - 1. Determine y(1).
31
Let q(m) = -4*m**2 - 3776*m + 22634. What is q(6)?
-166
Let u(c) = 117*c**3 - 3*c**2 + 349*c - 347. Determine u(1).
116
Let a(i) = -i**3 + 125*i**2 - 613*i - 178. Determine a(120).
-1738
Let z(v) = -72*v**2 + 256*v + 704. Give z(6).
-352
Let d(r) = -17*r**3 - 1478*r**2 - 100*r - 16261. What is d(-87)?
8
Let i(j) = 3*j**2 - 1902*j - 25222. Determine i(-13).
11
Let f(z) = -z**3 - 94*z**2 - 1646*z - 168. What is f(-71)?
755
Let b(u) = -88*u**3 + 5834*u**2 + 4156*u - 128. Give b(67).
6
Let v(g) = -2*g**3 + 66*g**2 + 120*g - 72. Determine v(35).
-772
Let a(m) = -3*m**2 + 113*m + 680. What is a(42)?
134
Let o(w) = -3119*w + 12301. Calculate o(4).
-175
Let s(m) = m**2 + 184*m - 22874. Give s(-272).
1062
Let o(k) = -10637*k + 553136. Give o(52).
12
Let j(o) = -4*o**3 - 22*o**2 + 17*o + 127. Determine j(-4).
-37
Let y(f) = -5*f**2 + 1291*f + 18824. What is y(272)?
56
Let o(p) = -17278*p + 431944. Calculate o(25).
-6
Let a(m) = 177510*m + 1420071. What is a(-8)?
-9
Let i(l) = -l**3 - 20*l**2 + 54*l + 302. Give i(-9).
-1075
Let u(x) = x**2 + 931*x - 16037. Determine u(17).
79
Let s(o) = -923*o - 89681. Calculate s(-99).
1696
Let p(q) = 140187*q + 4205606. What is p(-30)?
-4
Let i(r) = -24*r**3 - 16*r**2 - 80*r - 36. Determine i(-4).
1564
Let q(r) = 7050*r + 310164. What is q(-44)?
-36
Let l(z) = -5*z**3 - 35*z**2 + 281*z - 507. What is l(6)?
-1161
Let r(q) = 717*q**2 - 1180*q - 1179. Determine r(-1).
718
Let h(g) = 11*g**2 - 675*g - 1808. Calculate h(64).
48
Let h(c) = 57*c**2 - 4093*c + 3264. Give h(71).
-2
Let q(z) = 687*z - 67323. Calculate q(98).
3
Let v(s) = 2650*s - 12562. Calculate v(5).
688
Let b(d) = -13849*d - 581521. Give b(-42).
137
Let o(g) = 3721*g + 390661. What is o(-105)?
-44
Let k(w) = 16*